= 6855 - 4279. List the prime factors of o.
2, 7, 23
Let y be 44*-1 - 36/9. Let p = y + 55. List the prime factors of p.
7
Let q = 1522 + -423. List the prime factors of q.
7, 157
Let m(q) = -q**3 - 10*q**2 - 5*q - 14. Let a be m(-11). Let o = a - 113. List the prime factors of o.
7
Let d = 512 + -354. Let g = -62 + d. What are the prime factors of (g/(-18))/(1/(-6))?
2
Suppose -1 = 2*z - 15. Suppose -3*i - 4*a = z, 3*i + 1 = a + a. List the prime factors of (-14)/i*(1 + 0).
2, 7
Let v = -66 + 208. List the prime factors of v.
2, 71
Suppose -29*y + 19489 + 13919 = 0. List the prime factors of y.
2, 3
Let o(c) = -2*c**3 + 14*c**2 - 15*c - 4. Let p(z) = -3*z**3 + 13*z**2 - 15*z - 3. Let f(a) = 5*o(a) - 6*p(a). What are the prime factors of f(3)?
11, 17
Suppose -2*t + 5*d = -6*t + 25, 0 = t - d - 13. List the prime factors of (5/t)/((-4)/(-968)).
11
Let q(x) = -21*x + 777. List the prime factors of q(0).
3, 7, 37
Suppose 0 = -2*q + 60 + 8. List the prime factors of q.
2, 17
What are the prime factors of (-2)/((-3955)/790 + 5)?
2, 79
Suppose 0*b = b - 5*m - 708, 5*m = -2*b + 1446. What are the prime factors of b?
2, 359
Let k be (-1)/(-2*(-4)/(-24)). Suppose 4*p + 2*g - 86 = k*g, -2*p = -3*g - 48. Suppose 5*w + a - p = 3*w, -2*w = 2*a - 16. List the prime factors of w.
13
Let s = 15 - 11. Suppose -355 = -3*w + s*f, -w - f + 7 = -102. What are the prime factors of w?
113
Let s(y) = 6*y**2 + 40*y - 43. What are the prime factors of s(-18)?
1181
Let t(y) = 11 - 42*y + 10*y - 1 - 1. What are the prime factors of t(-4)?
137
Suppose 0 = -3*q - 11*q + 1442. List the prime factors of q.
103
Let u = -153 - -157. Suppose -2*o + 33 = -3*k - 30, 5*k = -u*o + 159. What are the prime factors of o?
2, 3
Suppose 17 = s - 2*s. Let a = s + 19. What are the prime factors of 14 - ((-1 - a) + 6)?
11
Let q be 3*(1 + 0/1). Suppose 8 = z + 2*w, 6*w - 3*w = q*z - 6. What are the prime factors of (-630)/(-24) + (-1)/z?
2, 13
Let k(q) = 106*q - 10. Let j be k(3). Let f = j + -193. What are the prime factors of f?
5, 23
Let p(q) = 4*q**3 - 10*q**2 + 9*q - 26. List the prime factors of p(7).
919
Let w = -178 + 180. What are the prime factors of w?
2
Let d be (-8)/(-10)*(-120)/3. Let s = 67 + d. Let b = -10 + s. What are the prime factors of b?
5
Suppose -2*n - 2*z - 293 = -5*n, 2*z = -3*n + 289. Let k = n + -49. List the prime factors of k.
2, 3
What are the prime factors of (-230)/(-4)*2688/160?
2, 3, 7, 23
Suppose 2*f - 2*s + 486 = -0*f, f = 2*s - 243. List the prime factors of f/(-4) + 4/16.
61
List the prime factors of (-12287)/(-9) - -11 - 4/18.
2, 43
Let u(y) = 2*y**3 - 9*y**2 - 18*y - 2. Let c be u(8). List the prime factors of (3 + -5)*(1 + c/(-4)).
149
Suppose -12698 = -4*q - 2*n, -5*q + 4*n = -18736 + 2844. What are the prime factors of q?
2, 397
Let f be (24 - 26)*11/(-2). Let q(m) = 2*m**2 - 9*m - 8. List the prime factors of q(f).
3, 5
Let t = 85 + -145. Let m = 116 + t. What are the prime factors of m?
2, 7
Let h(s) = s**2 + s + 1. Let u(r) = -2*r**2 - 6*r + 3. Let a(w) = 6*h(w) + 2*u(w). List the prime factors of a(7).
2, 17
Suppose 2*d = 2*t + 3*t + 364, -4 = -2*d. Let n be (t/(-45))/(4/90). List the prime factors of (-2)/(-12) - (-498)/n.
2, 7
Let o be ((-27)/(-6))/(-9)*(-1 + 1). Suppose -2*k + o*w + 2*w + 212 = 0, -w - 433 = -4*k. What are the prime factors of k?
109
Let u = 449 + -170. List the prime factors of u.
3, 31
Let u = 42 + -17. Suppose u + 24 = 3*l + v, 0 = l - 5*v - 43. List the prime factors of l.
2, 3
Let w be 578 - -8*2/(-4). Let t be w/(-10) + 24/(-40). Let g = t + 100. List the prime factors of g.
2, 3, 7
Let t(d) = 161*d**2 - 7. What are the prime factors of t(-3)?
2, 7, 103
Let k = -409 - -629. Suppose -7*d + 3*d = -k. List the prime factors of d.
5, 11
Let g be 10*(-3)/(-12)*2. List the prime factors of g + -9 + 0 + 292.
2, 3
Let v(k) be the first derivative of k**4/4 - k**3/3 - 2*k**2 + 7*k + 6. List the prime factors of v(5).
3, 29
Let j be ((-23)/(-2))/(4/8). Let k = 35 - j. Let b = 29 - k. List the prime factors of b.
17
Suppose -4*a + 119 = -161. Let u = 37 - a. Let d = u - -59. List the prime factors of d.
2, 13
Let t be ((-3)/1 - -3 - 0) + -12. Let d(b) = -b**3 - 10*b**2 + 20*b + 25. List the prime factors of d(t).
73
List the prime factors of -67*(-10)/5 + 2 + -2.
2, 67
Let r(j) = -j**3 + 24*j**2 + 8*j + 204. What are the prime factors of r(23)?
7, 131
Let j = 62 - -40. What are the prime factors of j?
2, 3, 17
Let r(w) = -w**2 - 21*w - 13. Suppose -5*b - 29 = 61. What are the prime factors of r(b)?
41
Let o(w) = -w**3 + 21*w**2 - 8*w - 40. What are the prime factors of o(12)?
2, 5, 29
Let m = 89 + -50. Let a = 104 - m. Suppose 2*u = -3*k + 2*k + a, -60 = -2*u + 4*k. List the prime factors of u.
2
Let m = -2768 - -2771. Let l = -1 - -1. Suppose m*u - 192 = -l*u. What are the prime factors of u?
2
Suppose -6*c = -29 + 11. Suppose -4*h - c + 127 = 0. List the prime factors of h.
31
Suppose 4*d + 29*l - 34*l - 7744 = 0, -2*l = 8. List the prime factors of d.
1931
Let v(t) be the second derivative of t**5/20 + 5*t**4/6 - 7*t**3/3 + 7*t**2 - 14*t. List the prime factors of v(-11).
47
Suppose 3*n - 14 = 2*n + 2*q, 0 = 4*n + 4*q - 8. List the prime factors of n/((-12)/(-46)) + 4.
3
Let z be -3 + -3 + (3 - -38). Let p = z - 30. Let q = p - -12. What are the prime factors of q?
17
Suppose -7*t - 8 = -9*t. Suppose 140 = 3*a + v + 4*v, 3*a + t*v - 136 = 0. What are the prime factors of a?
2, 5
Let k = 2 - 0. Suppose 3*u = -k*u + 650. Suppose -10*j + 5*j + u = 0. List the prime factors of j.
2, 13
Suppose -l - 8 = -3, -l = -4*q + 9349. What are the prime factors of q?
2, 73
Suppose 5*z - 232 = -q, z - 4*q - 59 = -0*z. List the prime factors of z.
47
Let c be (-2 + -9)/(4/16). Let o = 6 - c. What are the prime factors of o?
2, 5
Let a = 6 - 17. Let l = 13 + a. Suppose -l*r + 69 = r. What are the prime factors of r?
23
What are the prime factors of -9 + 4 - (-288 + -3)?
2, 11, 13
Let o(x) = 2*x**3 + 18*x**2 - 21*x + 9. Let q be o(-10). Let v = -34 - -57. Suppose -q - v = -6*g. What are the prime factors of g?
7
Let r(b) = 26*b + 48. Let j be r(11). Suppose 476 = 3*i - j. What are the prime factors of i?
2, 3, 5
Suppose 5*m + 15 = 4*c, -1 = 2*c + 2*m + 5. Let o be (-5)/((-15)/267) - c. Suppose o + 87 = 4*v. What are the prime factors of v?
2, 11
Suppose f + 6 = -2*q, 16 = -2*f - 5*q - 0. Suppose -5*a + k = -566, 4*a + 7*k - f*k = 476. What are the prime factors of a?
2, 3, 19
Let d = -85 - -153. What are the prime factors of d?
2, 17
Suppose -2*t + 0 = 8. Let d = -53 + 78. What are the prime factors of t/(-10) - (-215)/d?
3
Let t be (-2)/((-3)/((-66)/4)). Let r = t - -14. Suppose -r*z - 26 = -2*q - 5*z, -5 = z. List the prime factors of q.
2, 3
Let n be 54/4 + 3/(-2). Suppose -u + n = 3*u. Suppose 3*g - 114 = 3*f - 0*f, -u*f - 78 = -2*g. List the prime factors of g.
2, 3
Let o(n) = -n**2 - 16*n + 15. Let g(s) = -s**2 - 3*s + 2. Let z be g(-5). List the prime factors of o(z).
79
List the prime factors of 6/(-110)*-7025 + 4/(-22).
383
Let y = 148 - 96. Suppose -2*q + 2 + y = 0. List the prime factors of q.
3
Suppose 2*g + 7 = 2*j + 93, -5*j = 2*g - 86. What are the prime factors of g?
43
Suppose 5*j + 22*n - 1270 = 19*n, 3*j + 4*n - 751 = 0. List the prime factors of j.
257
Let b = 26 + -51. What are the prime factors of (10/b)/((-3)/90)?
2, 3
List the prime factors of 448 - (9 + -5 + 2).
2, 13, 17
Let j be (-26)/(-10) + (-2)/(-5). Suppose -j*b = -6*b - 126. Let v = -17 - b. What are the prime factors of v?
5
Suppose -s - 1976 = -2*n + 3501, 5*n - 5*s - 13680 = 0. List the prime factors of n.
2741
Suppose 4*c + 33 = 2*r - 13, -5*c - 20 = -r. Suppose 0*n = -10*n - 100. Let d = r + n. List the prime factors of d.
3, 5
Let b(g) be the second derivative of -g**5/20 - 5*g**4/6 + 5*g**2/2 + 4*g. Let d be b(-10). What are the prime factors of (-3 - (3 - 9))*d?
3, 5
Let l = 2564 - 1168. What are the prime factors of l?
2, 349
Let f(p) = 2*p**3 - 2*p**2 - 6*p - 2. Let d be f(5). Suppose 4*i - 4*b = -0*i + d, 2*i - 86 = b. Suppose 0 = 3*k - i - 22. What are the prime factors of k?
2, 11
Suppose 5*g - 7*g = 94. Let n = g - 10. List the prime factors of n/(-12)*-2*-2.
19
Let l(f) = -f**3 + 2*f**3 + 20 + 12*f**2 + 9*f - 2*f**3. List the prime factors of l